
Evaluate -7 + -2 + 8 + -3 + -11 + 7.
-8
What is the value of (35 - 34) + 0 + -3 + -8 + 9?
-1
Calculate -8 - (-24 - (-22 + -15)).
-21
What is the value of (-1 - 4) + -1 + (-55 - -58) + 11?
8
Calculate 11 + (-12 + -1 - 3).
-5
-17 + (53 - -13 - 13)
36
What is the value of (9 - 3) + (-6 - -13 - (6 - 6))?
13
What is 3492 + -3532 - (1 - (8 + 0) - 1)?
-32
-6 - (2 + 0 - 1) - (49 + -54)
-2
What is -7 - (-3 + -3 - 0 - -4)?
-5
-4 - (3 - (4 + 6 - (5 - -1)))
-3
What is the value of (9 - -18) + -18 - 8?
1
Calculate 52 + -49 + 54 + -31.
26
Calculate -9 + 12 + 5 + (0 - 4).
4
49 - (-42 + 103 - 30)
18
What is 16 + -10 - (48 - 54)?
12
What is the value of (3 - -4 - 1) + 1 - (7 - 13)?
13
What is (-19 - (-12 + -1) - 3) + -26?
-35
What is -9 - (-14 - (-11 + 3 + -2))?
-5
What is the value of -17 - (-17 + 21 - 22) - 1?
0
2 + (0 - (-6 - 1)) + (0 - 5)
4
Evaluate -34 + -18 + 45 - 1.
-8
What is the value of -31 - (12 - 7 - -3 - 15)?
-24
(-10 - -5) + 5 + (3 - -10) + 4
17
-8 - (7 + (-2 - -10) + -29)
6
(2 - (15 + -34)) + -26
-5
What is (3 - (-1 + 8)) + (-12 - -12 - -20)?
16
Calculate -7 + (61 - 55 - (-2 + 9)).
-8
Evaluate -33 + -4 + 1 - (-26 + 33 + -10).
-33
6 + (11 - (5 + 26)) - -2
-12
What is the value of (6 - 0) + 14 + -11 + -2?
7
What is (1158 - 1181) + (2 - 2 - -13)?
-10
Calculate -32 + -1 - (39 - (-30 + 70)).
-32
Calculate 79 + -63 - (15 + -3).
4
Calculate 13 - 5 - -5 - 9.
4
(-38 - -37 - (-17 - 1)) + (-17 - -22)
22
(0 - (4 - -5) - 6) + 6 + -3
-12
Calculate -3 + (7 - (-3 + 10 + -12)) + -19.
-10
What is -22 - (2 - (4 - 2)) - (-208 + 204)?
-18
What is the value of -24 + 62 + -16 + -15?
7
What is the value of -3 - -17 - (37 - 57)?
34
Calculate -6 + 24 + -2 + -12.
4
What is 24 + 2 + (-2 - -4 - 7) + -7?
14
Evaluate 24 + -12 + -7 + 1 + (-18 - 0).
-12
What is the value of 8 - ((1 - 0) + (-24 - (-6 + -10)))?
15
Calculate 25 + -14 + -5 - (1 - 3 - -14).
-6
What is 0 + 6 - (36 + -43 + -1 + 21)?
-7
-4 + -49 + 16 + 31
-6
Calculate (-4 - -11) + 12 + -2 + -21.
-4
Evaluate 12 + 10 - (-6 - -19).
9
Calculate 1 + -5 + 0 + 9 + -39 - -9.
-25
-22 + 16 + 6 - (-1 - -1)
0
What is (-1 + -1 + 0 - (45 + -44)) + 15?
12
What is the value of (0 - 2) + -5 + -218 + 228?
3
Evaluate 1 - (5 + -2 + 6).
-8
What is the value of 535 + -506 + (-23 - 0)?
6
What is -273 - -292 - (1 - (1 - 12))?
7
What is (-382 - -410) + (2 - 7)?
23
Calculate -3 - (11 + 9 + -46 - -4).
19
Evaluate -4 - (-12 + 19) - -5.
-6
What is -25 + 13 - -6 - (-2 - 0)?
-4
Evaluate -1 - 8 - (587 - 569).
-27
What is the value of 260 + -263 + 1 + -6 + 1 + 7?
0
What is (5 - 1) + (263 - 271)?
-4
Calculate -3 + (0 - (-1 - -13 - 32)).
17
What is -9 - (-1 - 5 - (-1 - 9))?
-13
1 + 2 - (0 + 5) - (23 + -6)
-19
What is the value of 157 - 143 - (14 - -1) - -7?
6
What is the value of (4 - (1 - -9)) + 25 + 2 + -7?
14
Calculate (-20 - (2 - -9 - 23)) + 1.
-7
Calculate (11 - -2) + (-320 - -318).
11
What is the value of -22 + 49 + -8 + 2?
21
-58 + (2 - -13) + 5 + 1 + 2
-35
What is the value of 5 + 3 + -5 + (-7 + 8 - 18)?
-14
Evaluate (44 - 20) + -10 - 24.
-10
Calculate -3 + 1 - (-2 + 7 + -6 + 1).
-2
-31 + 13 + 12 + -16 - (0 + 1)
-23
Evaluate -2 + -3 + 1 + -21 + 6 + -4.
-23
(92 - 86) + -13 + -1 - -8
0
47 + -8 + 4 - (119 - 108)
32
Calculate -8 + (4 - 1) - 6.
-11
Evaluate -9 + -15 + (9 - -14).
-1
What is the value of -26 + 25 + 4 - (1 - 12)?
14
What is the value of -27 + -7 + (-3 - 8 - (1 + -11))?
-35
What is the value of -1 - (0 + 1 - -7 - (-113 - -112))?
-10
What is (-12 - 14) + 5 - -39?
18
1 + 5 + 4 + (-2 - -1)
9
What is -18 + (-22 + (9 - -4) - -59)?
32
What is (13 - 45) + -7 - -24?
-15
What is the value of (10 - 3 - (23 - 24)) + 2?
10
0 - -5 - ((4 + 8 - -4) + -2)
-9
Calculate (-5 - -8 - (-3 + 1)) + (34 - 34).
5
Evaluate -16 - (214 - 260 - (-2 - 6)).
22
What is 3 + 2 + 3 + -11 + (-1 - -5)?
1
-4 + 5 + -5 - (25 + -26)
-3
Evaluate 5 + 3 + (-22 - -6) + 3.
-5
Evaluate 3 + -28 + -1 + (38 - (41 + 3)).
-32
Calculate 0 + (-16 - -23 - 11).
-4
1 - -4 - 1 - (26 + -3 + -8)
-11
Calculate (-4 - -7) + 2 + (4 - (6 + 2)).
1
What is (63 - 65) + 0 + 10 + 3?
11
Calculate -1 + 7 + (3 - 2) + 99 + -103.
3
What is the value of 1 + -60 + -874 + 907?
-26
What is the value of 5 + (11 - (7 + 13))?
-4
-12 + (45 - 23) + (0 - (-2 - -4))
8
Evaluate 2 + 2 + -2 + -4 + 11.
9
Calculate -10 + -3 - (-19 - -17 - 24).
13
Evaluate 4 + (2 - (13 - 3)) + -2.
-6
What is the value of (-1 - 1 - 1) + (65 - (11 + 15))?
36
Evaluate -6 + 11 - -1 - (14 - 4) - 10.
-14
Calculate 5 + -10 + 12 + 4 + 67 + -76.
2
What is the value of -6671 + 6683 + (-1 + 1 - 53)?
-41
Evaluate (-1 - -2 - -10) + 7 + 0 + -3.
15
What is 5 - -5 - -4 - (-4 + 8)?
10
What is 0 + 0 + (25 - 24) - -11?
12
Calculate 13 + 0 + -44 + 39 - 10.
-2
Evaluate 8 - (6 - -4) - (-4 + 0) - -16.
18
What is 19 + -4 - (-16 + 6 + 2)?
23
What is 33 + -14 - -2 - 11?
10
Evaluate -4 - -11 - (-1 + 17 + -9).
0
Evaluate (15 + -7 - 18) + 14 + -1.
3
1 + 36 - (-45 - -65)
17
Evaluate (-4 - 1) + (-5 - 1 - (-4 + 0)).
-7
Evaluate -12 + (15 - 11 - -17).
9
Calculate -11 + 20 + (-36 - -20) - 27.
-34
What is the value of 0 + (1 - (0 - 7 - -15))?
-7
Calculate -7 + -7 + 11 + -15 + 8.
-10
What is the value of (23 - -1) + -10 + (0 - 6)?
8
(-2 + 4 - 5 - -9) + 4 + -1
9
Evaluate -36 + 61 + -12 + 7.
20
What is -19 + 56 - ((0 - 8) + (15 - -2))?
28
What is the value of -5 - (-16 - 0 - -6 - -34)?
-29
Evaluate 1 + 2 + -3 - -2.
2
2 + (1 - 6 - (-7 - (4 - 4)))
4
Evaluate -18 - (-7 - (6 - -7)).
2
What is the value of (5 - 1 - 2) + -100 + 92?
-6
-2 - ((4 - (-3 + 1)) + 5)
-13
Calculate -1 - (-3 + 8 - 9 - -15).
-12
Calculate 7 + (-6 - -20) + -35.
-14
What is 3 + (3 - -3) + (150 - 160)?
-1
What is (52 - (16 - -17)) + -17?
2
Evaluate -2 + -34 - (171 - 190).
-17
What is the value of 1 + (8 + 12 - 10)?
11
Calculate 8 - ((-30 - -4) + 1 + 16).
17
Calculate -18 + 2 - -1 - ((27 - 14) + -7).
-21
(-5 - 1) + (-14 - (22 + -33) - -32)
23
What is 10 + -1 - 18 - -18 - 13?
-4
(-28 - (-43 + 19)) + 1 + 3 + 2
2
2 + 2 + 0 - 1 - (-6 - -8)
1
What is (32 - 6) + (-30 - -12)?
8
Evaluate 1 + 5 + (-9 - -29) + (-24 - -10).
12
15 + -28 + 68 + -64
-9
What is the value of -11 - ((-1 - 3) + 68 + -65 + -28)?
18
What is (-4 - -2) + 13 + (15 - 25)?
1
Evaluate (-43 - -8) + 18 - (1 + -4) - 4.
-18
What is -3 + -16 + 24 - (1 + 14)?
-10
What is the value of (2 + -4 + -1 - 4) + -36 + 30?
-13
What is (3 - (-3 + 3 + 1)) + (-83 - -66)?
-15
What is -294 + 290 + 5 + -6 + (23 - 0)?
18
What is -2093 + 2075 - (1 - 41)?
22
What is -343 + 343 + 11 + 0?
11
-28 - -5 - (15 - 29)
-9
What is 39 - (7 - (12 - 17)) - 12?
15
What is the value of 33 + -58 + 28 + -1 + -13?
-11
Evaluate (-37 - 7) + 8 + 44.
8
What is 28 + (-13 - -2) + -30?
-13
Evaluate 17 + (-4 - 4) + 1.
10
Calculate (10 - (-8 - -15)) + (0 - 2) - 0.
1
What is -4 + 2 - ((11 - 28) + 9)?
6
Evaluate 23 + (-15 - (-16 - -20)) - (17 - 0).
-13
-2 - (-2 - (7 + 9 - 3))
13
What is 3 - ((3 - (2 + 1)) + 1 + -2)?
4
Calculate 2 + 44 + 3 + -46 + (2 - 0).
5
What is the value of (4 - 0) + 6 + -4 + (-11 - -2)?
-3
What is -70 + 71 + (-12 + 7 - -24)?
20
What is (-2 - 21 - (-55 + 46)) + -5?
-19
Calculate -56 + 70 - (15 - -6).
-7
What is -21 - (20 + 12 + -25)?
-28
Evaluate (-84 - -50) + 1 + 7.
-26
What is the value of -14 - (6 - 11) - (2 - 5 - -10)?
-16
Calculate -13 + 8 + 4 - 11.
-12
Evaluate 3 + (-7 - -1) - 9 - -2.
-10
Calculate -102 + 90 - (-6 + -8).
2
Calculate 10 - (-24 + (-1 - -5) - -10).
20
What is (-15 - (12 + -44 + 9)) + 2?
10
What is the value of 3 + 20 + (7 - (7 + -7 + 4))?
26
What is the value of -38 + (-13 - -2) + 26?
-23
What is the value of (-152 - -145) + (3 - 12)?
-16
Evaluate 0 + (-17 - -20) + 9.
12
Evaluate 11 - (4 + (0 - -2) + -4) - 8.
1
Calculate 2 + (3 - (22 - 9)).
-8
Calculate 5 - (-70 + 83 + -2 + 0).
-6
What is 3 - (4 - (0 - -5 - -4) - -7)?
1
Evaluate 15 + -4 - (34 - 44).
21
Evaluate -1 - ((-3 - (-15 + -2 + 5)) + -3).
-7
What is -13 + (-20 - -32 - -3)?
2
Calculate (-3 - (-10 + 6 + 3)) + 0 + 2.
0
What is the value of (2 - 2) + -22 + 22 + (12 - 0)?
12
What is the value of -33 + 35 + (-17 - 0)?
-15
What is the value of 23 + -14 + (3 - 20)?
-8
Evaluate 22 + -5 + 1 + -16.
2
Evaluate (1 - 0) + 90 + -101.
-10
Evaluate -14 - (-11 - (9 + (-9 - 10))).
-13
What is the value of (3 - -35) + (-340 - -297)?
-5
What is 8 + (-2 - 1 - (-8 - (2 - 31)))?
-16
What is 6 + 4 + -27 + 10 + -17?
-24
What is the valu